210
Convert -3777b5 (base 12) to base 10.
-904889
What is 4234324 (base 5) in base 13?
26550
Convert 7818 (base 12) to base 4.
3033110
Convert -2645382 (base 9) to base 8.
-5412726
What is 2212310302 (base 4) in base 6?
22351254
What is 4a201b (base 15) in base 13?
974105
-121422322 (base 5) to base 14
-1101ab
-10011010101000011001 (base 2) to base 16
-9aa19
-355452 (base 7) to base 11
-44402
Convert -31534563 (base 7) to base 8.
-12164532
Convert -512023 (base 7) to base 4.
-111101203
-166380 (base 9) to base 4
-121023000
What is 13022201221 (base 4) in base 10?
1878121
-183852 (base 15) to base 14
-2289cd
Convert -20010212221102 (base 3) to base 4.
-30131021330
What is -12332312 (base 5) in base 10?
-120957
Convert -346226 (base 8) to base 15.
-24e0a
2b2303c (base 13) to base 6
1211452153
Convert -38703 (base 9) to base 12.
-13119
Convert 1010011100101110 (base 2) to base 4.
22130232
What is 122002010110011 (base 3) in base 15?
be446d
Convert 81ba1 (base 14) to base 4.
1030100301
354640a (base 11) to base 16
5e67e6
-380b91 (base 12) to base 3
-1201102212201
What is 1000311320 (base 4) in base 2?
1000000110101111000
-10110001100111 (base 2) to base 16
-2c67
What is -217033 (base 8) in base 13?
-27451
What is 1267750 (base 12) in base 5?
1411334403
b2411b (base 12) to base 13
766c5b
What is -233113110 (base 4) in base 15?
-3c739
2510312 (base 6) to base 12
65398
What is 1111001010110011100 (base 2) in base 13?
14531a
1a872b (base 14) to base 11
596287
1152000 (base 6) to base 7
343563
What is 2652065 (base 7) in base 16?
552ce
Convert -16661234 (base 7) to base 11.
-a24032
89575 (base 12) to base 2
101100011111101001
What is 32645 (base 9) in base 15?
6648
What is 2330225 (base 7) in base 16?
478af
What is 1031220011 (base 4) in base 3?
121011011012
What is -13421870 (base 10) in base 11?
-7638060
Convert 220101120101202 (base 3) to base 2.
110001011100101101001111
80507a (base 12) to base 14
3a08d8
Convert -312211313022 (base 4) to base 5.
-12130421413
-1001001010110 (base 2) to base 6
-33422
Convert -de088 (base 15) to base 8.
-2541737
What is 22abba (base 13) in base 6?
25353214
-f8fe7 (base 16) to base 2
-11111000111111100111
Convert -2101554 (base 9) to base 6.
-40023334
What is 1511120 (base 6) in base 5?
10241341
314133411 (base 5) to base 6
44125433
What is 88181 (base 11) in base 10?
127986
What is 18820557 (base 9) in base 13?
1c84519
Convert -15a7912 (base 12) to base 2.
-10000111110101001011110
112120033 (base 4) to base 11
62960
What is 15424043 (base 8) in base 5?
1402033334
13c72a (base 13) to base 6
14215155
What is -1082063 (base 13) in base 7?
-61002344
What is 2595476 (base 11) in base 8?
21074310
Convert -2753 (base 13) to base 5.
-140040
What is 1707013 (base 8) in base 16?
78e0b
Convert -92409 (base 12) to base 6.
-4030413
Convert 4668921 (base 11) to base 12.
2891824
Convert 2b83140 (base 12) to base 7.
135324222
Convert 231666 (base 11) to base 14.
9824a
What is 27106470 (base 8) in base 2?
10111001000110100111000
What is -103212233303 (base 4) in base 7?
-61453541
-5cddd (base 15) to base 8
-1103466
What is -311103012033 (base 4) in base 5?
-12034044410
What is -1105a8 (base 12) in base 6?
-5443532
What is b552 (base 13) in base 6?
312035
What is -37d839 (base 15) in base 5?
-1141200404
-122011112 (base 4) to base 14
-2ad14
Convert 3686f2 (base 16) to base 5.
1403322430
What is -112332111 (base 4) in base 15?
-1cd36
Convert -343434 (base 8) to base 16.
-1c71c
What is 11022123 (base 5) in base 15?
1d378
Convert 11132542 (base 6) to base 11.
211686
110100111011000101011 (base 2) to base 8
6473053
Convert -165336 (base 12) to base 6.
-12110110
What is -11100100010100110 (base 2) in base 12?
-5779a
What is -73094 (base 15) in base 10?
-364639
Convert 344000441 (base 5) to base 6.
53054004
Convert 319726 (base 11) to base 13.
14b578
What is -50b2c (base 15) in base 12?
-103b36
What is -2210102202 (base 5) in base 9?
-8867816
Convert 20520030 (base 6) to base 5.
123220422
-211442404 (base 5) to base 11
-558a33
What is 21120102210210 (base 3) in base 11?
22a9277
Convert -10022122110 (base 3) to base 9.
-108573
1111320120 (base 4) to base 11
22031a
What is 103220202 (base 4) in base 12?
3a656
Convert 1046252 (base 9) to base 16.
8945c
Convert -6623377 (base 8) to base 6.
-102050115
1214553 (base 6) to base 11
44580
-24841 (base 11) to base 13
-1329c
What is 110100001101010110 (base 2) in base 11?
136736
What is -1a3b56 (base 13) in base 11?
-414a41
What is -50322 (base 12) in base 10?
-104138
2032330223 (base 4) to base 13
176678
Convert 24116302 (base 8) to base 15.
6e550a
-30210130 (base 4) to base 14
-14a96
25205240 (base 7) to base 13
61677b
Convert 244637 (base 11) to base 4.
1132123010
What is 1022112121011 (base 3) in base 15?
dc417
Convert a39a71 (base 12) to base 2.
1001110010110110110101
Convert -450235 (base 6) to base 7.
-214565
What is -2201222314 (base 5) in base 7?
-55020401
-a0176a (base 11) to base 3
-10000221022000
-e1298 (base 15) to base 13
-1bc536
Convert 222020221101 (base 3) to base 12.
20b101
Convert -e59c9 (base 16) to base 12.
-394321
202333402 (base 7) to base 2
101101000110101010000111
What is 25200112 (base 6) in base 2?
11000101011100101100
What is -5105332 (base 7) in base 2?
-10010100001011011001
Convert 11131124334 (base 5) to base 9.
25234620
Convert 101102122 (base 4) to base 6.
1303454
Convert -82341 (base 10) to base 2.
-10100000110100101
What is -10001101100100011 (base 2) in base 4?
-101230203
-75a (base 15) to base 7
-4561
Convert -10101101010000100001011 (base 2) to base 4.
-111222010023
What is -b6679 (base 12) in base 10?
-239421
-5a8564 (base 11) to base 15
-1404e3
145774 (base 9) to base 5
10331242
What is -12230422 (base 5) in base 16?
-1cb6c
What is -327971 (base 13) in base 2?
-100100010000010011001
What is 552540 (base 6) in base 9?
70076
12010021201021 (base 3) to base 10
2721877
What is -1111011101100100000 (base 2) in base 7?
-4210063
What is -6c99c (base 15) in base 11?
-2172aa
Convert 323203220 (base 4) to base 9.
411558
What is 94435 (base 11) in base 4?
201212033
Convert 10158b (base 14) to base 5.
114313141
Convert -1030533 (base 7) to base 6.
-2403133
Convert -43096 (base 14) to base 7.
-1243246
Convert 2201312133 (base 4) to base 6.
22113103
-3197592 (base 10) to base 7
-36115266
-1c578a (base 14) to base 11
-632946
479667 (base 10) to base 3
220100222110
Convert -112301023202 (base 4) to base 7.
-101506124
Convert 55242106 (base 8) to base 14.
1813394
What is -18cea9 (base 16) in base 8?
-6147251
-129b08a (base 12) to base 4
-32010232222
Convert -9aec6b (base 15) to base 11.
-41987a7
Convert 82934f (base 16) to base 3.
121002202112102
Convert 5512335 (base 6) to base 16.
42e63
What is -22870 (base 10) in base 11?
-16201
-5543 (base 10) to base 5
-134133
Convert 4193875 (base 10) to base 3.
21220001220201
Convert 2074454 (base 9) to base 10.
1112098
Convert -159b4 (base 12) to base 7.
-155551
Convert 3407b7 (base 12) to base 15.
116177
What is -11364035 (base 8) in base 10?
-2484253
What is 61637 (base 9) in base 15?
c07a
Convert 1550611 (base 7) to base 5.
23321431
Convert 899be4 (base 15) to base 6.
352403241
What is 3142102420 (base 5) in base 11?
37a6667
What is -250020 (base 6) in base 3?
-1010020110
-3458324 (base 10) to base 16
-34c514
Convert 10133322320 (base 4) to base 3.
2012220201112
Convert 12010011130 (base 4) to base 5.
401331341
-136d87c (base 14) to base 11
-5348572
Convert -424342 (base 15) to base 13.
-865196
Convert -59592 (base 10) to base 4.
-32203020
What is 55521403 (base 6) in base 15?
231380
-133330441 (base 5) to base 3
-1021201020102
What is -177464 (base 11) in base 6?
-5505441
Convert 2093869 (base 10) to base 2.
111111111001100101101
What is 9a3a4 (base 11) in base 13?
51338
What is 111110010100010 (base 2) in base 9?
47681
36c26 (base 13) to base 8
305075
Convert -22022211001111 (base 3) to base 11.
-2552691
What is -162689 (base 11) in base 14?
-67d94
Convert -2412095 (base 10) to base 7.
-26334230
-2210213200 (base 4) to base 8
-2444740
What is 278dc (base 15) in base 7?
1035630
121212211022 (base 3) to base 9
555738
What is -2234225 (base 6) in base 15?
-23a55
Convert 1042003442 (base 5) to base 6.
121123552
55021a (base 11) to b